= b - 2*b + 11*b**2 - b**3 + b**2 + 1 - 10*b**2. Determine n(3).
-11
Let a(u) = -2 + u + 1 + 2 + 0*u. Give a(-3).
-2
Let n be (-2)/(-15)*-9*5. Let p(t) = -2*t - 7. Determine p(n).
5
Suppose -3 = l + 2*i, -2*l + 0 + 12 = -2*i. Let h be (-1)/((-2)/6) + 0. Let z(x) = 2*x**2 + 3 + 5*x + x**h + l*x**2 - 1. Calculate z(-3).
5
Suppose 6*w - w + 5 = 0. Let v(k) = -k**3 - k**2 - k. Let q be v(w). Let z(i) = -2*i**2 + i - 1 - q - i. What is z(-2)?
-10
Let f(q) = 4*q**2 + 2. Let y be f(2). Let v be (2 + y/(-4))*-2. Suppose -4*k = -5*c - 2, -2*k - 2*c = -v - 5. Let n(x) = x**2 - 5*x - 2. Give n(k).
-8
Let r = 0 + -3. Let b(a) be the third derivative of a**5/60 + a**4/24 - a**3/6 + 3*a**2 + 13. What is b(r)?
5
Let a(z) be the second derivative of z**4/12 + z**3/6 - 2*z**2 - 10*z. What is a(3)?
8
Let c(s) = 0*s**2 + 14*s - 19*s - s**2 + 1. Calculate c(-6).
-5
Let d = 4 + -8. Let g(n) = n**2 + 6*n + 3. Let o be g(d). Let u(w) = 2*w + w**2 - w**2 - 2*w**2 + 3*w**2 - 7. Give u(o).
8
Let d(q) be the second derivative of q**5/20 - q**4/6 - q**3/3 - 3*q**2/2 + q. Let r = -16 - -19. Give d(r).
0
Let o(j) be the second derivative of j**5/20 + j**4/2 + 2*j**3/3 + 7*j**2/2 - 13*j. Give o(-5).
12
Suppose 0 = -3*j - 2 - 16. Let n(b) = b**2 + 4*b - 3. Calculate n(j).
9
Let h(q) be the second derivative of -1/2*q**2 - 1/4*q**4 - 1/6*q**3 - 2*q + 0. Suppose -2*a - 3 - 1 = 0. Calculate h(a).
-11
Suppose h - 9 = 4*h + 4*f, 0 = 4*f. Suppose j = -2*j. Let g(c) = -2*c + 3 + 9*c + c**2 - 3*c + j. Give g(h).
0
Let j(k) = -2*k**2 - 6*k. Let n(b) = 4*b**2 + 12*b + 1. Let l(g) = -5*j(g) - 3*n(g). Calculate l(-4).
-11
Let h(p) = -3*p. Let n(z) = 2*z + 4. Let s(l) = l + 1. Let o(i) = n(i) - 4*s(i). Let c(v) = 3*h(v) - 4*o(v). What is c(-1)?
1
Let f(z) be the third derivative of z**5/60 - 2*z**2. Let r be f(2). Let u(y) = -6 - y**3 - 2*y**3 + 2*y**3 + 3*y**2 + 7*y. Determine u(r).
6
Suppose -4*x - j = 11, -4*x - 5*j - 17 = -3*x. Suppose 2*p + 3 = p. Let u be (x/(-6))/((-1)/p). Let z(o) = 6*o - 1. Give z(u).
5
Let a(p) = p**3 - 3*p**2 - p + 1. Suppose -n + 3*v = -12, 0 = -3*n + 4*v + 6 + 15. What is a(n)?
-2
Let b(c) = c. Let x(s) = 10*s. Let p(z) = 8*b(z) - x(z). Suppose -2*n + 5 = 5*m - 21, -5*n + 11 = -m. Let g be (8/(-6))/(2/n). What is p(g)?
4
Let z(d) = -15*d**2 + 2. Let m(i) = -7*i**2 + 1. Let t(w) = -13*m(w) + 6*z(w). Give t(1).
0
Suppose 3*d - 2*d - 4 = 0. Suppose 7 = -d*w - 13. Let n(t) be the first derivative of -t**3/3 - 3*t**2 - t - 13. Give n(w).
4
Let q(c) = -c**2 + 5*c - 2. Let t = 31 - 27. What is q(t)?
2
Let h(c) = -c**2 - 6*c + 1. Suppose l = 4*w + 1, -2*l + 4*l - w - 9 = 0. Suppose 3*i + 3*n + 9 = 0, 0*n - n = l*i + 27. Calculate h(i).
1
Let c(s) = 6*s - 5. Let l(a) = -11*a + 9. Let u(y) = 5*c(y) + 3*l(y). Give u(-2).
8
Let k(y) = y**2 + 7*y - 2. Let d(j) = j**3 + j**2 + j - 6. Let b be d(0). Calculate k(b).
-8
Let x(r) = -r**3 - 23*r**2 - 1. Let t be x(-23). Let j(i) = 18*i**3 + 1. Calculate j(t).
-17
Let k(u) = 6*u**3 - 2*u**2 - 3*u - 2. Let x(p) = 5*p**3 - 2*p**2 - 3*p - 1. Let o(y) = -4*k(y) + 5*x(y). Give o(3).
3
Let f(q) be the first derivative of -q**4/24 + q**3/3 + q**2/2 + 3. Let x(j) be the second derivative of f(j). Calculate x(-3).
5
Let d(r) = -r - 11. Let i(v) = -v**3 + 10*v**2 - 3*v + 3. Let k(j) = 2*j**3 - 19*j**2 + 5*j - 5. Let g(w) = 7*i(w) + 4*k(w). Let o be g(6). What is d(o)?
-6
Let h(o) be the third derivative of 0 - 1/6*o**3 + 0*o - 1/24*o**4 - 4*o**2 - 1/15*o**5. Give h(-1).
-4
Suppose 2*l - 3 - 32 = 5*s, 0 = l - 2*s - 15. Let j(y) = y**3 - 4*y**2 - 11*y + 9. Let h(x) = x - 1. Let b(o) = -6*h(o) - j(o). Give b(l).
-3
Let v(m) = 5*m**2 + 5*m + 6. Let o(a) = 4*a**2 + 4*a + 5. Let c(i) = -6*o(i) + 5*v(i). Let k = -2 - -1. Let f be (2*(-2)/4)/k. Calculate c(f).
2
Let c(u) be the second derivative of u**7/2520 - u**6/144 - u**5/120 + u**4/6 - 3*u. Let q(l) be the third derivative of c(l). Give q(4).
-5
Suppose 6 = -a + 3, 0 = -i + 5*a + 18. Let t(g) = -4*g + i*g - g**2 + 2 + 1. Let m be -2 + (10/(-15))/((-2)/(-3)). What is t(m)?
-3
Let k(c) = 3*c + 1. Let m(t) be the second derivative of -t**3/3 - t**2 - 2*t. Let x be m(0). Calculate k(x).
-5
Let r(l) = l + 7. Suppose 3*n + 24 = -12. Let z = 6 + n. Calculate r(z).
1
Let u(i) be the third derivative of i**7/2520 + i**6/120 + i**5/40 - 7*i**4/24 - 8*i**2. Let l(t) be the second derivative of u(t). Calculate l(-5).
-2
Let g(a) be the first derivative of -a**5/20 - a**4/6 + a**3/2 + 2*a**2 + 5*a - 5. Let h(r) be the first derivative of g(r). Calculate h(-3).
4
Let b be 0*4/(1 + 3). Let g(j) = b*j + 21 - 16 - 6*j - j**2. What is g(-6)?
5
Let b be ((-1)/(-3))/(5/15). Suppose -b = d - 2. Let s(l) = 9*l. What is s(d)?
9
Let j(z) be the third derivative of 0*z - 1/24*z**4 - 2*z**2 + 0 + 0*z**3. Calculate j(1).
-1
Let b(v) = 6 + 4*v**2 + v - 6. Suppose -w - 2 = w. Give b(w).
3
Let k(b) = 6*b**3 + 9*b**2 - 5*b - 7. Let s(j) = 9*j**3 + 13*j**2 - 7*j - 10. Suppose 2*q - 10 = 4. Let d(z) = q*k(z) - 5*s(z). Give d(-1).
2
Let n(w) = 5*w**2 + 6 + 4*w - 3*w - 12 + 2*w. Let u(h) = -h**2 + h + 1. Let f(p) = n(p) + 4*u(p). Determine f(-7).
-2
Let o = -16 - -23. Let s(p) = 3*p - 8. Calculate s(o).
13
Suppose 4*o - 5*o = 2. Let u(s) = -s**2 - 4*s. What is u(o)?
4
Let m(j) be the second derivative of 13*j**4/12 - j**3/6 + j**2/2 + j. Let f = -8 + 9. Give m(f).
13
Suppose 2*m + 15 = 5*d, 28 = -0*d + 3*d - 5*m. Suppose d + 2 = 3*k, 0 = 2*j + k + 91. Let y be (-4)/(-14) - j/(-14). Let n(q) = q + 3. Give n(y).
0
Let x(s) be the third derivative of -s**8/3360 - s**7/840 - s**6/240 - s**5/60 + s**4/6 + 3*s**2. Let k(w) be the second derivative of x(w). What is k(-2)?
8
Let u(g) = -g**3 + 4*g**2 - 4*g + 4. Let p be 10/4*-6 + 0. Let z = p - -19. Determine u(z).
-12
Let h(z) = -3*z**3 - 2*z**2 + z + 9. Let u(d) = 4*d**3 + 3*d**2 - 2*d - 10. Let t(l) = 3*h(l) + 2*u(l). Give t(0).
7
Let k(t) = -t + 9 + 10 - 6. Calculate k(7).
6
Let w(q) = -20*q - 17. Suppose 0 = 5*i + 2 - 22. Let a(h) = 7*h + 6. Let t(r) = i*w(r) + 11*a(r). Let k be (3 - 1)*(0 + -1). Give t(k).
4
Let i(l) = -l**3 + 5*l**2 - 5*l + 3. Suppose u - 18 = -5*u. Calculate i(u).
6
Suppose 8 = -5*k + 33. Suppose 2*z = -3*c + 18, -6*c = -c - 20. Let n(s) = -s**3 + 6 - s**3 + 5*s**2 + s**z. Calculate n(k).
6
Let w(m) = m**2 + m - 7. Let q(g) = 3*g**2 - 2*g - 2. Let z be q(2). Suppose -3*s = -3*x + z, 0 = 2*s - 4*x - 7 + 15. Let v be 1 + s - (2 - 1). What is w(v)?
-7
Let p(q) = 6*q - 2*q**2 - 10*q**2 - 4 + 16*q**2 - q**3. What is p(5)?
1
Let g(h) = 1 - 4 + 2 - 6*h. What is g(1)?
-7
Let v(q) = q**3 - 5*q**2 - 6*q - 4. Let l(m) = 2*m**2 - 12*m + 6. Let b be l(6). Calculate v(b).
-4
Let g be (-1)/(3/78*-2). Suppose 2*q - g = 3*a, q + 25 = 6*q. Let k(t) = 4*t**2. What is k(a)?
4
Let z(b) = 6 - b - 9 + 2. Calculate z(4).
-5
Let l(i) = 3*i - 2. Let j(k) = 13*k - 9. Let a(b) = 2*j(b) - 9*l(b). Let d be a(0). Let v(p) = 5*p - p**2 - 2*p + d*p + 6. What is v(5)?
-4
Let o(g) = g**3 + 4*g**2 + 2*g - 1. Let j(y) = -y + 9. Let i be j(11). Determine o(i).
3
Suppose -4*k - t + 5 = -5*k, -15 = 3*k - 5*t. Let h(a) = -a + 0*a + 0*a + 4. What is h(k)?
9
Let a(o) = -1 - 2 + 0*o + 3*o. Let f be a(2). Suppose -4 = -f*m - m. Let d(w) = 2*w + 1. What is d(m)?
3
Let v(w) = w**3 - 3*w**2 - 2 - 4*w + 15 - 7. What is v(4)?
6
Let n(w) be the second derivative of -w**4/24 - w**3 - w**2 - w. Let j(y) be the first derivative of n(y). Calculate j(0).
-6
Let x = -39 + 28. Let k = x + 8. Let n be 3/(-2)*10/k. Let i(f) = f. What is i(n)?
5
Let d(y) = 2*y**2 + 3 - 2 - 5 + 3*y. Let a(f) = 2*f + 3. Let x be a(5). Let r be x/(-5) + (-6)/15. Calculate d(r).
5
Let w(a) = -a + 1. Let d(t) = -t**2 - 6*t - 2. Let r(j) = -d(j) + 2*w(j). Suppose -2*y - 4*y = -12. Suppose y*f + 2*l + 0*l = -8, -l = -f - 4. Calculate r(f).
4
Let k(h) = -h**3 + 3*h**2 - h - 4. Suppose -2*l = 3*s - 5, -3 - 19 = -4*s + 5*l. Determine k(s).
-7
Let y(w) = 2*w**2 + 1 - w**2 - 2*w - 7*w**3 + w**3. Let d = -6 - -11. Suppose 5*v = 4*g + 1, -4*v + 8 = -v + d*g. Give y(v).
-6
Let m be (2 + -5)/(6/(-4)). Let n(v) = m + 1 - 9*v**3 + 1 + v**2 - 5. Determine n(-1).
9
Let p(t) = -t**3 + 7*t**2 - 7*t - 2. Let n(m) = m**3 + m**2 + 6. Let y be n(0). Calculate p(y).
-8
Suppose 0 = -39*u + 45*u - 36. Let g(l) = -l**2 + 3*l - 1. Let y(r) = 2*r**2 - 5*r + 2. 